n divisor of 68134 and 88?
22
What is the greatest common factor of 42 and 12036?
6
Calculate the highest common factor of 17300 and 900.
100
What is the greatest common factor of 2183 and 113457?
59
Calculate the highest common factor of 414 and 1311.
69
Calculate the highest common factor of 53860 and 260.
20
What is the highest common divisor of 52552 and 8?
8
What is the greatest common factor of 112860 and 7227?
99
Calculate the highest common divisor of 567 and 603.
9
What is the highest common factor of 190395 and 45?
45
What is the greatest common divisor of 584 and 26791?
73
What is the greatest common divisor of 976 and 192?
16
What is the greatest common factor of 6749850 and 255?
255
What is the highest common divisor of 7690 and 12530?
10
What is the highest common divisor of 99 and 224169?
33
What is the greatest common factor of 308748 and 132?
132
What is the greatest common factor of 2 and 41533?
1
What is the highest common divisor of 1959 and 12817084?
653
Calculate the greatest common factor of 875 and 11900.
175
Calculate the greatest common factor of 1118 and 22763.
13
Calculate the greatest common divisor of 15399 and 4437.
261
Calculate the highest common factor of 181010 and 460.
230
Calculate the greatest common divisor of 6643 and 65.
13
Calculate the greatest common divisor of 1284331 and 6212.
1553
What is the greatest common factor of 78254 and 22?
22
Calculate the greatest common factor of 752 and 7379.
47
What is the greatest common divisor of 7176 and 8878?
46
Calculate the highest common factor of 784 and 1750.
14
Calculate the greatest common divisor of 351 and 9087.
39
What is the highest common factor of 749152 and 64?
32
What is the greatest common factor of 34 and 180727?
17
Calculate the greatest common factor of 444 and 6540.
12
What is the highest common factor of 20130 and 291?
3
What is the highest common divisor of 1364 and 71698?
22
Calculate the highest common divisor of 918 and 46784.
34
What is the highest common factor of 60 and 76530?
30
Calculate the greatest common divisor of 4120 and 72.
8
What is the highest common divisor of 656 and 1552?
16
What is the highest common factor of 286 and 9031?
11
What is the highest common divisor of 34 and 78251?
17
What is the highest common factor of 9 and 5509368?
9
What is the greatest common factor of 29591 and 2159?
127
Calculate the highest common divisor of 7258 and 152.
38
What is the highest common divisor of 91300 and 275?
275
What is the highest common divisor of 82383 and 42?
21
What is the highest common factor of 386834 and 14?
14
What is the greatest common factor of 128 and 294016?
128
Calculate the greatest common factor of 3 and 37794.
3
What is the greatest common divisor of 183 and 759?
3
What is the highest common factor of 1539 and 2106?
81
What is the greatest common factor of 182034 and 234?
18
Calculate the greatest common factor of 166990 and 70.
10
Calculate the highest common divisor of 145340 and 20.
20
What is the greatest common factor of 17158 and 92?
46
Calculate the highest common factor of 1325170 and 385.
385
Calculate the greatest common divisor of 36918 and 252.
126
Calculate the greatest common factor of 2648816 and 16.
16
Calculate the greatest common divisor of 27406 and 6176.
386
What is the highest common factor of 137060 and 210?
70
Calculate the highest common divisor of 28170 and 2.
2
Calculate the greatest common factor of 9393 and 16665.
303
Calculate the greatest common factor of 590 and 227910.
10
Calculate the highest common divisor of 27 and 69831.
9
Calculate the greatest common factor of 65 and 158041.
13
What is the highest common divisor of 48 and 119888?
16
What is the highest common factor of 1277235 and 27?
27
What is the highest common factor of 34989 and 1417?
109
What is the greatest common factor of 126 and 2223342?
18
What is the highest common divisor of 637 and 5291?
13
Calculate the highest common divisor of 143 and 138853.
143
What is the highest common divisor of 104448 and 918?
102
Calculate the greatest common divisor of 4 and 1540164.
4
What is the greatest common factor of 14 and 1319479?
7
What is the greatest common divisor of 945828 and 117?
117
What is the highest common divisor of 448933 and 71?
71
What is the highest common factor of 2646800 and 130?
130
What is the highest common divisor of 42 and 667362?
6
Calculate the greatest common factor of 790 and 40.
10
What is the greatest common factor of 195 and 8650?
5
What is the greatest common factor of 3308589 and 9?
9
What is the greatest common divisor of 1 and 306?
1
What is the highest common factor of 963 and 1391?
107
Calculate the greatest common divisor of 354 and 7320.
6
What is the greatest common factor of 18 and 4264074?
18
What is the greatest common factor of 540 and 1060?
20
Calculate the greatest common factor of 130 and 258700.
130
What is the greatest common factor of 90832 and 224?
112
What is the highest common factor of 537 and 25418?
179
What is the greatest common factor of 546 and 2951?
13
What is the highest common divisor of 6768 and 4464?
144
What is the greatest common factor of 81 and 370548?
27
What is the greatest common factor of 674 and 14100754?
674
Calculate the greatest common divisor of 21853 and 52.
13
What is the greatest common divisor of 45750 and 193065?
915
Calculate the greatest common divisor of 6148 and 5858.
58
What is the greatest common factor of 77 and 182651?
7
Calculate the greatest common divisor of 24 and 6012.
12
Calculate the highest common divisor of 4 and 9748.
4
What is the greatest common divisor of 201442 and 3666?
94
Calculate the greatest common factor of 10700 and 1000.
100
What is the greatest common factor of 118086 and 6?
6
Calculate the highest common factor of 40 and 7177690.
10
What is the greatest common factor of 27408 and 744?
24
What is the highest common divisor of 634218 and 1092?
78
Calculate the greatest common divisor of 227902 and 34.
34
Calculate the highest common divisor of 1213 and 5132203.
1213
What is the highest common factor of 54 and 196695?
27
Calculate the highest common divisor of 10388 and 29008.
196
What is the highest common factor of 236 and 406156?
236
What is the highest common factor of 12 and 4842?
6
Calculate the highest common factor of 28 and 191156.
28
What is the greatest common divisor of 86073 and 468?
39
What is the greatest common divisor of 2795 and 1625?
65
What is the highest common divisor of 5932 and 144?
4
What is the highest common divisor of 199 and 7609561?
199
What is the greatest common divisor of 198 and 6093?
9
What is the highest common divisor of 78 and 588822?
78
What is the greatest common divisor of 21679 and 2527?
133
What is the highest common factor of 127 and 2413?
127
Calculate the greatest common divisor of 408776 and 1406.
74
What is the highest common divisor of 4875 and 39?
39
Calculate the greatest common divisor of 4206557 and 139.
139
What is the highest common divisor of 335 and 4038090?
335
What is the greatest common divisor of 909076 and 182?
14
What is the highest common divisor of 190 and 365902?
38
Calculate the greatest common divisor of 257 and 639930.
257
Calculate the greatest common divisor of 39886 and 147.
49
What is the greatest common divisor of 6303 and 88?
11
What is the greatest common divisor of 8 and 15560?
8
Calculate the greatest common divisor of 470 and 85.
5
Calculate the highest common divisor of 1039515 and 1665.
555
What is the highest common divisor of 8060 and 36400?
260
Calculate the highest common divisor of 91 and 12362.
7
Calculate the greatest common divisor of 611119 and 389.
389
What is the greatest common divisor of 153850 and 40?
10
What is the greatest common factor of 350 and 2425?
25
Calculate the highest common divisor of 3692844 and 108.
108
Calculate the greatest common factor of 3297 and 84152.
157
What is the highest common divisor of 3381 and 24045?
21
What is the greatest common divisor of 22664 and 8?
8
Calculate the greatest common divisor of 19714 and 2.
2
Calculate the highest common factor of 4260 and 2820.
60
What is the highest common divisor of 252 and 571104?
36
What is the greatest common divisor of 4365 and 1966869?
873
Calcul